pose 339*t - 347*t + 264 = 0. Suppose 13491 + 8949 = t*y. List the prime factors of y.
2, 5, 17
Suppose 124*a + 79*a - 1503418 = 0. List the prime factors of a.
2, 7, 23
Suppose 2*g - 5 = -3*g. Let q be ((-21)/(-14))/(1/(-8)*g). List the prime factors of (-4)/(-3)*(-2466)/q.
2, 137
Suppose 0 = -31*v - 3*v + 2*v. List the prime factors of -2 - v/1 - -136.
2, 67
Let t = 32571 - -2394. What are the prime factors of t?
3, 5, 7, 37
Suppose 235302 - 42702 = 72*l. What are the prime factors of l?
5, 107
Let p(d) = -3*d**2 - 23*d + 8. Let b be p(-7). Suppose 6*y - 4*y + b = 0. Let i = 32 + y. List the prime factors of i.
3, 7
Suppose 0 = -4*s + 5*s + 3*p + 16, -2*s + 2*p - 16 = 0. Let v(r) = -r**2 - 23*r + 2. Let t be v(s). Let g = t + -80. List the prime factors of g.
2, 13
Let n = -1200 - -3480. Suppose 0 = 3*q - 4*f - n - 513, 0 = 5*q - f - 4655. List the prime factors of q.
7, 19
Let m(q) = -2*q**2 + 3*q + 32. Let s be m(6). Let w = 290 + s. What are the prime factors of w?
2, 67
Suppose -1128709 = 54*u + 30*u - 3996721. What are the prime factors of u?
3, 19, 599
Let n be ((-8)/10)/(2/(-5)). Let j be (-630)/36*(-2)/5. Suppose n*o - 51 = -v, 3*o - j*o + 101 = v. What are the prime factors of o?
5
Let o = 26 + -24. Suppose 0 = -o*p + a + 538, -2*p + 10 = -5*a - 544. Suppose -3*b - 2*y = -p, 0 = b + 5*y - 22 - 67. What are the prime factors of b?
89
Suppose -3071768 = -1454*h + 1378*h. List the prime factors of h.
2, 7, 2887
Let g = 7 - -14. Suppose m + g = 3*m + 3*o, 3*o + 6 = m. Suppose m*l - 254 - 52 = 0. What are the prime factors of l?
2, 17
Let a(k) = -k**3 - 4*k**2 + k + 4. Let h be a(-4). Suppose -n - 19*v = -17*v - 4, v = -n + 2. Suppose n*c + 2*c - 56 = h. List the prime factors of c.
2, 7
Let a(d) = 24*d**3 - 17*d**2 - 51*d + 3. Let q be a(-3). Let b = 1096 + q. List the prime factors of b.
11, 41
Let l be -2 - (0 - 1) - -7. Let a(z) = z**3 - 6*z**2 - 8*z + 12. Let v be a(l). What are the prime factors of (-24)/v - (-470)/6?
79
Suppose 194488 = 5*w - 7*g, -3*w = -g - g - 116695. List the prime factors of w.
7, 5557
Let r = -14456 - -23882. List the prime factors of r.
2, 3, 1571
Let q(n) = -n**3 - 2*n**2 - 2*n + 180. Let z be q(0). Let i = 355 + z. List the prime factors of i.
5, 107
What are the prime factors of 14848 + 28*15/(-60)?
3, 17, 97
Let v(g) = -4*g + 16. Let c = 41 + -41. Suppose 3*n + 5*p = -15, c = 5*n - 10*n - 4*p - 38. List the prime factors of v(n).
2, 7
Let w be ((-4)/6*-3)/(6 - 5). Suppose -k = -4, 2*j - 6*k - 156 = -w*k. List the prime factors of j.
2, 43
Suppose -23*x + 16*x = -56. Suppose -x*o + 285 = -3827. What are the prime factors of o?
2, 257
Suppose 5*q + 3 = 4*r, 34*q = 3*r + 33*q - 5. List the prime factors of (212 - -9) + (r - 4 - 1).
2, 109
Suppose -13*z + 168 - 194 = 0. Let u(j) = -41*j**3 - 4*j**2 - 2*j + 3. What are the prime factors of u(z)?
11, 29
Suppose -158*b + 89*b - 50120 = -76*b. List the prime factors of b.
2, 5, 179
Suppose -9*r - 13 - 14 = 0. Let a(x) = -85*x + 27. What are the prime factors of a(r)?
2, 3, 47
Let x(w) be the third derivative of 1/6*w**5 - 1/120*w**6 - 6*w**2 + 0 - 5/8*w**4 + 0*w + 11/6*w**3. List the prime factors of x(6).
5, 13
Let r be 5/20 + 971/4. Suppose z - 2*l = r + 176, -422 = -z + l. What are the prime factors of z?
5, 17
Let t(c) be the second derivative of -23*c**3/2 + 125*c**2/2 + 148*c. List the prime factors of t(-11).
2, 13, 17
Suppose -8*y = -2*h - 5*y + 31, y = h - 17. Suppose -25*c + h*c = -2525. What are the prime factors of c?
5, 101
Let q(n) = -859*n**2 + 28*n. Let g be q(13). List the prime factors of (-6)/14 + g/(-273).
2, 5, 53
Let w be ((-4)/8)/(1/2). List the prime factors of w/(16/(-6332)) + 3/(-4).
5, 79
Let q(z) = 5*z - 66. Let x be q(14). Let v = -4 + 1. What are the prime factors of v*(-2 + 0/x)?
2, 3
Let p = -7396 - -12410. Suppose -19*y = -p + 1499. List the prime factors of y.
5, 37
Let z = 0 - -3. Let w = -3 + z. Suppose -3*u + 2*u = -2*f + 36, 3*f + 2*u - 40 = w. What are the prime factors of f?
2
Suppose 2*d - 5*a - 85512 = 47202, 2*d - 132714 = -5*a. What are the prime factors of (-20)/(-6)*d/365?
2, 3, 101
Suppose 3*u + 5*x - 25 = 4, -5*u = -2*x - 7. Let l(v) = -v**3 + 4*v**2 - 3. Let t be l(u). List the prime factors of t/(5*(-3)/(-110)).
2, 11
Let m be -5 + 508 + (9 - 6). Let c = m - 183. List the prime factors of c.
17, 19
Suppose 173*o = 171*o + 944. List the prime factors of (o/(-5)*(-35)/14)/1.
2, 59
Suppose 0 = -756*i + 557*i + 6281236. What are the prime factors of i?
2, 13, 607
Suppose -26686 = -4*l - 3*n, -6925 - 6391 = -2*l + 3*n. What are the prime factors of l?
59, 113
Let m(c) = -2*c - 26. Let g be (16/6)/(3/(-18)*1). Let p be m(g). Suppose -4*x + 3*s = -393, -p*x + 196 = -4*x - 2*s. What are the prime factors of x?
3, 11
Let h = 24 - 19. Suppose -h*j - 28 = 4*q, -3*j + 4*q + q = 2. List the prime factors of 2*177/(-1 - j).
2, 59
Let u(k) = k**3 - 8*k**2 + 8*k - 15. Let p be u(7). Let x be (9/(-3) - -1)/(4/p). Suppose 0 = 3*z + 9, 5*q - x*z - 993 = -236. What are the prime factors of q?
149
Let i(n) = n**3 - 44*n**2 + 86*n + 65. What are the prime factors of i(52)?
3, 11, 13, 61
Let g be (172/(-6))/1*(15 - 12). Let b = g + 71. What are the prime factors of (-837)/b - 2/(-10)?
2, 7
List the prime factors of -12*(-8 - 37505/52).
3, 2917
Suppose -3*g + 21762 = 3*z, -14*g + 15*g - z - 7252 = 0. What are the prime factors of g?
7253
Let b be 2*-1*(-1420)/40. Let w = -11 - -15. Suppose 5*j + b = w*n, j = 2*n - j - 34. List the prime factors of n.
2, 7
List the prime factors of -8169*(-2 - (-72)/56).
3, 5, 389
Let r = -2187 + 1371. Let s = -582 - r. List the prime factors of s.
2, 3, 13
Let s = 63839 - 37443. List the prime factors of s.
2, 6599
Let m(l) = 2*l**3 + 116*l**2 - 149*l - 582. List the prime factors of m(-58).
2, 5, 13, 31
Suppose -5*o + 101 - 351 = 5*s, 0 = 2*o + s + 98. Let c be (8/(-12))/(2/(-222)). Let r = c + o. What are the prime factors of r?
2, 13
Let j = 3 - 5. Let q be j/12 + 161/(-6). Let m = q - -74. What are the prime factors of m?
47
Let v be (-2)/(6/3)*(48 - 24). Let r(z) = -6*z - 77. What are the prime factors of r(v)?
67
Suppose 11*b = -8*b + 513. Suppose 23*y = b*y - 5640. List the prime factors of y.
2, 3, 5, 47
Let p = 337 - 272. Suppose -p*k = -67*k + 2462. What are the prime factors of k?
1231
Suppose -3*h = -4*r - 261, -6*r + 2*r = -12. Suppose -4*u - 26 = 3*s - h, -2*s = -3*u - 15. Let v = s + 10. What are the prime factors of v?
5
Let x = -5690 - -20045. List the prime factors of x.
3, 5, 11, 29
Suppose -2*j = 21*w - 6*j - 62115, 5*j + 11806 = 4*w. List the prime factors of w.
11, 269
Let z = 213 - 324. Let y = 270 + z. What are the prime factors of y?
3, 53
Let y = 498 - 510. Let d(r) = -r - 6. Let n be d(-6). List the prime factors of (n - (-1194)/9)*(-18)/y.
199
Let q(y) = 7*y - 12. Suppose 66 + 246 = -4*x. Let s = x + 80. What are the prime factors of q(s)?
2
Let w = 2022 + -1348. Let q = w + 85. List the prime factors of q.
3, 11, 23
Let c(q) = -667*q**3 + 4*q**2 + 5*q + 2. Let p(b) = b**2 - b - 3. Let y be p(2). List the prime factors of c(y).
2, 167
Suppose 294*v - 1178616 = -281*v + 551*v. List the prime factors of v.
49109
List the prime factors of (-3382)/(-623) + (-4)/(-7) + 34296.
2, 3, 5717
Let k = 75 - 83. Let b be (4/k)/((-4)/(-4))*14. Let g(t) = -10*t - 48. What are the prime factors of g(b)?
2, 11
Let u be (-2)/(-1 - -1 - -2). Let l(v) = -53*v - 5. List the prime factors of l(u).
2, 3
Suppose -5*m = -5*y, 6*y = y + 25. Let n(o) = o**3 + 5*o**2 + 4*o - 13. What are the prime factors of n(m)?
257
Let h(b) = 9*b**3 - 3*b**2 + 17*b + 132. What are the prime factors of h(15)?
3, 3343
Suppose 0 = 3*d + d + 20. Let y(j) = 11*j**2 - 3*j + 14. Let b(o) = -3*o**2 + o - 3. Let s(v) = -9*b(v) - 2*y(v). List the prime factors of s(d).
139
Suppose -15*p = -44*p - 8570 + 625516. What are the prime factors of p?
2, 11, 967
Suppose 447*r - 5278891 = 56*r. List the prime factors of r.
23, 587
Let k(g) = 10*g - 364. Let x be k(44). Suppose x = 2*y - 1702. What are the prime factors of y?
7, 127
Suppose -4969 - 280966 = -83*i. What are the prime factors of i?
5, 13, 53
Suppose -2*k - 47*k + 861 = -21. Suppose 6*s - 2*s = 4. List the prime factors of (-22)/k + s - 3759/(-27).
139
Let p(d) = 419*